{"id":19,"date":"2018-08-02T17:14:34","date_gmt":"2018-08-02T17:14:34","guid":{"rendered":"http:\/\/playbot4all.polimi.it\/?page_id=19"},"modified":"2020-07-15T17:27:09","modified_gmt":"2020-07-15T15:27:09","slug":"home","status":"publish","type":"page","link":"https:\/\/playbot4all.polimi.it\/","title":{"rendered":"Benvenuti in PlayBot4All!"},"content":{"rendered":"<h2>Cos&#8217;\u00e8 Playbot4all?<\/h2>\n<p>Playbot4all \u00e8 un hub, un luogo di incontro tra persone che vogliono fare e persone che vogliono sperimentare.<\/p>\n<p>Il tema dell&#8217;incontro \u00e8 l&#8217;uso della tecnologia robotica per sviluppare giochi inclusivi.<\/p>\n<p>L&#8217;esperienza di gioco \u00e8 importante per lo sviluppo di capacit\u00e0 ad ogni livello e i robot permettono di sviluppare esperienze di gioco accessibili a persone con diverse abilit\u00e0, superando limiti che spesso si trovano nei giochi disponibili sul mercato. (Per approfondire <a href=\"https:\/\/www.ludi-network.eu\">https:\/\/www.ludi-network.eu<\/a>).<\/p>\n","protected":false},"excerpt":{"rendered":"<p>Cos&#8217;\u00e8 Playbot4all? Playbot4all \u00e8 un hub, un luogo di incontro tra persone che vogliono fare e persone che vogliono sperimentare. Il tema dell&#8217;incontro \u00e8 l&#8217;uso della tecnologia robotica per sviluppare giochi inclusivi. L&#8217;esperienza di gioco \u00e8 importante per lo sviluppo di capacit\u00e0 ad ogni livello e i robot permettono di sviluppare esperienze di gioco accessibili &hellip; <\/p>\n<p class=\"link-more\"><a href=\"https:\/\/playbot4all.polimi.it\/\" class=\"more-link\">Continue reading<span class=\"screen-reader-text\"> &#8220;Benvenuti in PlayBot4All!&#8221;<\/span><\/a><\/p>\n","protected":false},"author":2,"featured_media":0,"parent":0,"menu_order":0,"comment_status":"closed","ping_status":"closed","template":"","meta":{"_vp_format_video_url":"","_vp_image_focal_point":[],"footnotes":""},"class_list":["post-19","page","type-page","status-publish","hentry"],"_links":{"self":[{"href":"https:\/\/playbot4all.polimi.it\/index.php?rest_route=\/wp\/v2\/pages\/19","targetHints":{"allow":["GET"]}}],"collection":[{"href":"https:\/\/playbot4all.polimi.it\/index.php?rest_route=\/wp\/v2\/pages"}],"about":[{"href":"https:\/\/playbot4all.polimi.it\/index.php?rest_route=\/wp\/v2\/types\/page"}],"author":[{"embeddable":true,"href":"https:\/\/playbot4all.polimi.it\/index.php?rest_route=\/wp\/v2\/users\/2"}],"replies":[{"embeddable":true,"href":"https:\/\/playbot4all.polimi.it\/index.php?rest_route=%2Fwp%2Fv2%2Fcomments&post=19"}],"version-history":[{"count":4,"href":"https:\/\/playbot4all.polimi.it\/index.php?rest_route=\/wp\/v2\/pages\/19\/revisions"}],"predecessor-version":[{"id":77,"href":"https:\/\/playbot4all.polimi.it\/index.php?rest_route=\/wp\/v2\/pages\/19\/revisions\/77"}],"wp:attachment":[{"href":"https:\/\/playbot4all.polimi.it\/index.php?rest_route=%2Fwp%2Fv2%2Fmedia&parent=19"}],"curies":[{"name":"wp","href":"https:\/\/api.w.org\/{rel}","templated":true}]}}